{"id":1103,"date":"2024-04-23T16:57:13","date_gmt":"2024-04-23T14:57:13","guid":{"rendered":"https:\/\/truper.cepidesigns.com.ar\/producto\/llave-ajustable-15-cm-6-pvc\/"},"modified":"2024-09-03T20:20:51","modified_gmt":"2024-09-03T18:20:51","slug":"llave-ajustable-15-cm-6-pvc","status":"publish","type":"product","link":"https:\/\/www.lusqtoff.com.ar\/truper\/producto\/llave-ajustable-15-cm-6-pvc\/","title":{"rendered":"LLAVE AJUSTABLE 15 CM (6&#8243;) PVC"},"content":{"rendered":"<p>Forjado en acero al carbono<br \/>\nAcabado cromo que protege de la corrosi\u00f3n, graduaci\u00f3n en pulgadas y mil\u00edmetros, mango cubierto de PVC resistente y f\u00e1cil de limpiar, con orificio para colgar<\/p>\n","protected":false},"excerpt":{"rendered":"<p>Largo:\t6&#8243; (15 cm)<br \/>\nApertura m\u00e1xima: 3\/4&#8243; (19 mm)<\/p>\n","protected":false},"featured_media":2849,"comment_status":"open","ping_status":"closed","template":"","meta":{"_acf_changed":false},"product_brand":[],"product_cat":[31,30],"product_tag":[],"class_list":{"0":"post-1103","1":"product","2":"type-product","3":"status-publish","4":"has-post-thumbnail","6":"product_cat-ajustables","7":"product_cat-llaves","9":"first","10":"instock","11":"shipping-taxable","12":"purchasable","13":"product-type-simple"},"acf":[],"_links":{"self":[{"href":"https:\/\/www.lusqtoff.com.ar\/truper\/wp-json\/wp\/v2\/product\/1103","targetHints":{"allow":["GET"]}}],"collection":[{"href":"https:\/\/www.lusqtoff.com.ar\/truper\/wp-json\/wp\/v2\/product"}],"about":[{"href":"https:\/\/www.lusqtoff.com.ar\/truper\/wp-json\/wp\/v2\/types\/product"}],"replies":[{"embeddable":true,"href":"https:\/\/www.lusqtoff.com.ar\/truper\/wp-json\/wp\/v2\/comments?post=1103"}],"wp:featuredmedia":[{"embeddable":true,"href":"https:\/\/www.lusqtoff.com.ar\/truper\/wp-json\/wp\/v2\/media\/2849"}],"wp:attachment":[{"href":"https:\/\/www.lusqtoff.com.ar\/truper\/wp-json\/wp\/v2\/media?parent=1103"}],"wp:term":[{"taxonomy":"product_brand","embeddable":true,"href":"https:\/\/www.lusqtoff.com.ar\/truper\/wp-json\/wp\/v2\/product_brand?post=1103"},{"taxonomy":"product_cat","embeddable":true,"href":"https:\/\/www.lusqtoff.com.ar\/truper\/wp-json\/wp\/v2\/product_cat?post=1103"},{"taxonomy":"product_tag","embeddable":true,"href":"https:\/\/www.lusqtoff.com.ar\/truper\/wp-json\/wp\/v2\/product_tag?post=1103"}],"curies":[{"name":"wp","href":"https:\/\/api.w.org\/{rel}","templated":true}]}}