{"id":1107,"date":"2024-04-23T16:57:13","date_gmt":"2024-04-23T14:57:13","guid":{"rendered":"https:\/\/truper.cepidesigns.com.ar\/producto\/llave-ajustable-20-cm-8-especial\/"},"modified":"2024-09-03T20:20:52","modified_gmt":"2024-09-03T18:20:52","slug":"llave-ajustable-20-cm-8-especial","status":"publish","type":"product","link":"https:\/\/www.lusqtoff.com.ar\/truper\/producto\/llave-ajustable-20-cm-8-especial\/","title":{"rendered":"LLAVE AJUSTABLE 20 CM (8&#8243;) ESPECIAL"},"content":{"rendered":"<p>Fabricada en aleaci\u00f3n de aluminio, dise\u00f1o compacto de gran apertura, ligero y resistente, cremallera de suave apertura, mordazas lisas que no da\u00f1an tuercas y tuber\u00edas, para uso en tuercas y conexiones pl\u00e1sticas o aprietes de bajo torque, no usar con tuercas de metal<\/p>\n","protected":false},"excerpt":{"rendered":"<p>Largo mordaza: 2-3\/8&#8243; (60 mm)<br \/>\nApertura mordaza: 1&#8243; (25 mm) a 2 3\/4&#8243; (70 mm)<br \/>\nLargo: 8&#8243; (21 cm)<\/p>\n","protected":false},"featured_media":3212,"comment_status":"open","ping_status":"closed","template":"","meta":{"_acf_changed":false},"product_brand":[],"product_cat":[31,30],"product_tag":[],"class_list":{"0":"post-1107","1":"product","2":"type-product","3":"status-publish","4":"has-post-thumbnail","6":"product_cat-ajustables","7":"product_cat-llaves","9":"first","10":"instock","11":"shipping-taxable","12":"purchasable","13":"product-type-simple"},"acf":[],"_links":{"self":[{"href":"https:\/\/www.lusqtoff.com.ar\/truper\/wp-json\/wp\/v2\/product\/1107","targetHints":{"allow":["GET"]}}],"collection":[{"href":"https:\/\/www.lusqtoff.com.ar\/truper\/wp-json\/wp\/v2\/product"}],"about":[{"href":"https:\/\/www.lusqtoff.com.ar\/truper\/wp-json\/wp\/v2\/types\/product"}],"replies":[{"embeddable":true,"href":"https:\/\/www.lusqtoff.com.ar\/truper\/wp-json\/wp\/v2\/comments?post=1107"}],"wp:featuredmedia":[{"embeddable":true,"href":"https:\/\/www.lusqtoff.com.ar\/truper\/wp-json\/wp\/v2\/media\/3212"}],"wp:attachment":[{"href":"https:\/\/www.lusqtoff.com.ar\/truper\/wp-json\/wp\/v2\/media?parent=1107"}],"wp:term":[{"taxonomy":"product_brand","embeddable":true,"href":"https:\/\/www.lusqtoff.com.ar\/truper\/wp-json\/wp\/v2\/product_brand?post=1107"},{"taxonomy":"product_cat","embeddable":true,"href":"https:\/\/www.lusqtoff.com.ar\/truper\/wp-json\/wp\/v2\/product_cat?post=1107"},{"taxonomy":"product_tag","embeddable":true,"href":"https:\/\/www.lusqtoff.com.ar\/truper\/wp-json\/wp\/v2\/product_tag?post=1107"}],"curies":[{"name":"wp","href":"https:\/\/api.w.org\/{rel}","templated":true}]}}