{"id":1450,"date":"2024-04-23T16:57:54","date_gmt":"2024-04-23T14:57:54","guid":{"rendered":"https:\/\/truper.cepidesigns.com.ar\/producto\/crique-triple-enc-1-4-3-8-1-2-72-dtes\/"},"modified":"2024-09-03T20:22:33","modified_gmt":"2024-09-03T18:22:33","slug":"crique-triple-enc-1-4-3-8-1-2-72-dtes","status":"publish","type":"product","link":"https:\/\/www.lusqtoff.com.ar\/truper\/producto\/crique-triple-enc-1-4-3-8-1-2-72-dtes\/","title":{"rendered":"CRIQUE TRIPLE ENC 1\/4 &#8211; 3\/8 &#8211; 1\/2 &#8211; 72 DTES"},"content":{"rendered":"<p>Cuerpo de acero al cromo vanadio, 2X m\u00e1s resistente al desgaste que las de acero al carbono, acabado cromado pulido que resiste la corrosi\u00f3n, mecanismo de acero al cromo molibdeno de 72 dientes, que permite apretar o aflojar con un movimiento m\u00ednimo en \u00e1reas estrechas, mango con dise\u00f1o moleteado antiderrapante, sistema reversible con selector de cambio de giro y bot\u00f3n de liberaci\u00f3n r\u00e1pida<\/p>\n","protected":false},"excerpt":{"rendered":"<p>Cuadro mando: 1\/4&#8243;, 3\/8&#8243; y 1\/2&#8243;<br \/>\nN\u00famero de dientes: 72<br \/>\nLargo: \t7&#8243; (18 cm)<\/p>\n","protected":false},"featured_media":3411,"comment_status":"open","ping_status":"closed","template":"","meta":{"_acf_changed":false},"product_brand":[],"product_cat":[41,37],"product_tag":[],"class_list":{"0":"post-1450","1":"product","2":"type-product","3":"status-publish","4":"has-post-thumbnail","6":"product_cat-accesorios-1-2","7":"product_cat-bocallaves","9":"first","10":"instock","11":"shipping-taxable","12":"purchasable","13":"product-type-simple"},"acf":[],"_links":{"self":[{"href":"https:\/\/www.lusqtoff.com.ar\/truper\/wp-json\/wp\/v2\/product\/1450","targetHints":{"allow":["GET"]}}],"collection":[{"href":"https:\/\/www.lusqtoff.com.ar\/truper\/wp-json\/wp\/v2\/product"}],"about":[{"href":"https:\/\/www.lusqtoff.com.ar\/truper\/wp-json\/wp\/v2\/types\/product"}],"replies":[{"embeddable":true,"href":"https:\/\/www.lusqtoff.com.ar\/truper\/wp-json\/wp\/v2\/comments?post=1450"}],"wp:featuredmedia":[{"embeddable":true,"href":"https:\/\/www.lusqtoff.com.ar\/truper\/wp-json\/wp\/v2\/media\/3411"}],"wp:attachment":[{"href":"https:\/\/www.lusqtoff.com.ar\/truper\/wp-json\/wp\/v2\/media?parent=1450"}],"wp:term":[{"taxonomy":"product_brand","embeddable":true,"href":"https:\/\/www.lusqtoff.com.ar\/truper\/wp-json\/wp\/v2\/product_brand?post=1450"},{"taxonomy":"product_cat","embeddable":true,"href":"https:\/\/www.lusqtoff.com.ar\/truper\/wp-json\/wp\/v2\/product_cat?post=1450"},{"taxonomy":"product_tag","embeddable":true,"href":"https:\/\/www.lusqtoff.com.ar\/truper\/wp-json\/wp\/v2\/product_tag?post=1450"}],"curies":[{"name":"wp","href":"https:\/\/api.w.org\/{rel}","templated":true}]}}