{"id":1884,"date":"2024-04-23T16:58:45","date_gmt":"2024-04-23T14:58:45","guid":{"rendered":"https:\/\/truper.cepidesigns.com.ar\/producto\/jgo-cortatubo-y-avellanador-codigo-12868-y-12795\/"},"modified":"2024-09-03T20:24:38","modified_gmt":"2024-09-03T18:24:38","slug":"jgo-cortatubo-y-avellanador-codigo-12868-y-12795","status":"publish","type":"product","link":"https:\/\/www.lusqtoff.com.ar\/truper\/producto\/jgo-cortatubo-y-avellanador-codigo-12868-y-12795\/","title":{"rendered":"JGO CORTATUBO Y AVELLANADOR CODIGO 12868 Y 12795"},"content":{"rendered":"<p>Cortador de tubo con cuchilla de acero de alta aleaci\u00f3n de mayor duraci\u00f3n ,con removedor retr\u00e1ctil para rebabas, avellanador con yugo forjado en hierro y mariposas de ajuste ,barra de avallanador con ranuras maquinadas antideslizables ,para materiales suaves como aluminio, lat\u00f3n y cobre<\/p>\n","protected":false},"excerpt":{"rendered":"<p>Capacidad del avellanador: Tubos de 3\/16&#8243;, 1\/4&#8243;, 5\/16&#8243;, 3\/8&#8243;, 7\/16&#8243;, 1\/2&#8243; y 5\/8&#8243;<br \/>\nApertura del cortador: 1\/8&#8243; &#8211; 1 1\/8&#8243; (3 &#8211; 29 mm)<br \/>\nEmpaque individual; Estuche pl\u00e1stico<\/p>\n","protected":false},"featured_media":6160,"comment_status":"open","ping_status":"closed","template":"","meta":{"_acf_changed":false},"product_brand":[],"product_cat":[100,95],"product_tag":[],"class_list":{"0":"post-1884","1":"product","2":"type-product","3":"status-publish","4":"has-post-thumbnail","6":"product_cat-corta-tubos","7":"product_cat-corte","9":"first","10":"instock","11":"shipping-taxable","12":"purchasable","13":"product-type-simple"},"acf":[],"_links":{"self":[{"href":"https:\/\/www.lusqtoff.com.ar\/truper\/wp-json\/wp\/v2\/product\/1884","targetHints":{"allow":["GET"]}}],"collection":[{"href":"https:\/\/www.lusqtoff.com.ar\/truper\/wp-json\/wp\/v2\/product"}],"about":[{"href":"https:\/\/www.lusqtoff.com.ar\/truper\/wp-json\/wp\/v2\/types\/product"}],"replies":[{"embeddable":true,"href":"https:\/\/www.lusqtoff.com.ar\/truper\/wp-json\/wp\/v2\/comments?post=1884"}],"wp:featuredmedia":[{"embeddable":true,"href":"https:\/\/www.lusqtoff.com.ar\/truper\/wp-json\/wp\/v2\/media\/6160"}],"wp:attachment":[{"href":"https:\/\/www.lusqtoff.com.ar\/truper\/wp-json\/wp\/v2\/media?parent=1884"}],"wp:term":[{"taxonomy":"product_brand","embeddable":true,"href":"https:\/\/www.lusqtoff.com.ar\/truper\/wp-json\/wp\/v2\/product_brand?post=1884"},{"taxonomy":"product_cat","embeddable":true,"href":"https:\/\/www.lusqtoff.com.ar\/truper\/wp-json\/wp\/v2\/product_cat?post=1884"},{"taxonomy":"product_tag","embeddable":true,"href":"https:\/\/www.lusqtoff.com.ar\/truper\/wp-json\/wp\/v2\/product_tag?post=1884"}],"curies":[{"name":"wp","href":"https:\/\/api.w.org\/{rel}","templated":true}]}}