{"id":2342,"date":"2024-04-23T16:59:41","date_gmt":"2024-04-23T14:59:41","guid":{"rendered":"https:\/\/truper.cepidesigns.com.ar\/producto\/machete-remachado-doble-filo-largo-46cm-18-c-funda\/"},"modified":"2024-09-03T20:26:48","modified_gmt":"2024-09-03T18:26:48","slug":"machete-remachado-doble-filo-largo-46cm-18-c-funda","status":"publish","type":"product","link":"https:\/\/www.lusqtoff.com.ar\/truper\/producto\/machete-remachado-doble-filo-largo-46cm-18-c-funda\/","title":{"rendered":"MACHETE REMACHADO DOBLE FILO LARGO 46CM (18&#8243;) C\/ FUNDA"},"content":{"rendered":"<p>2 herramientas en 1, machete y serrucho, hoja con pintura electrost\u00e1tica para mayor resistencia a la corrosi\u00f3n, cacha inyectada, de TPR que reduce vibraciones, mango ergon\u00f3mico con correa de poli\u00e9ster, funda de poli\u00e9ster remachada con refuerzo interno<\/p>\n","protected":false},"excerpt":{"rendered":"<p>Dientes: 5 dpp<br \/>\nLargo de hoja: 18&#8243; (46 cm)<\/p>\n","protected":false},"featured_media":6598,"comment_status":"open","ping_status":"closed","template":"","meta":{"_acf_changed":false},"product_brand":[],"product_cat":[204,201],"product_tag":[],"class_list":{"0":"post-2342","1":"product","2":"type-product","3":"status-publish","4":"has-post-thumbnail","6":"product_cat-machetes","7":"product_cat-poda","9":"first","10":"instock","11":"shipping-taxable","12":"purchasable","13":"product-type-simple"},"acf":[],"_links":{"self":[{"href":"https:\/\/www.lusqtoff.com.ar\/truper\/wp-json\/wp\/v2\/product\/2342","targetHints":{"allow":["GET"]}}],"collection":[{"href":"https:\/\/www.lusqtoff.com.ar\/truper\/wp-json\/wp\/v2\/product"}],"about":[{"href":"https:\/\/www.lusqtoff.com.ar\/truper\/wp-json\/wp\/v2\/types\/product"}],"replies":[{"embeddable":true,"href":"https:\/\/www.lusqtoff.com.ar\/truper\/wp-json\/wp\/v2\/comments?post=2342"}],"wp:featuredmedia":[{"embeddable":true,"href":"https:\/\/www.lusqtoff.com.ar\/truper\/wp-json\/wp\/v2\/media\/6598"}],"wp:attachment":[{"href":"https:\/\/www.lusqtoff.com.ar\/truper\/wp-json\/wp\/v2\/media?parent=2342"}],"wp:term":[{"taxonomy":"product_brand","embeddable":true,"href":"https:\/\/www.lusqtoff.com.ar\/truper\/wp-json\/wp\/v2\/product_brand?post=2342"},{"taxonomy":"product_cat","embeddable":true,"href":"https:\/\/www.lusqtoff.com.ar\/truper\/wp-json\/wp\/v2\/product_cat?post=2342"},{"taxonomy":"product_tag","embeddable":true,"href":"https:\/\/www.lusqtoff.com.ar\/truper\/wp-json\/wp\/v2\/product_tag?post=2342"}],"curies":[{"name":"wp","href":"https:\/\/api.w.org\/{rel}","templated":true}]}}