{"id":2442,"date":"2024-04-23T16:59:52","date_gmt":"2024-04-23T14:59:52","guid":{"rendered":"https:\/\/truper.cepidesigns.com.ar\/producto\/linterna-y-faro-trasero-p-bicicleta-pilas-aaa-alcance-200-mts\/"},"modified":"2024-09-03T20:27:25","modified_gmt":"2024-09-03T18:27:25","slug":"linterna-y-faro-trasero-p-bicicleta-pilas-aaa-alcance-200-mts","status":"publish","type":"product","link":"https:\/\/www.lusqtoff.com.ar\/truper\/producto\/linterna-y-faro-trasero-p-bicicleta-pilas-aaa-alcance-200-mts\/","title":{"rendered":"LINTERNA Y FARO TRASERO P\/ BICICLETA -PILAS AAA &#8211;  ALCANCE 200 MTS"},"content":{"rendered":"<p>Distancia del haz de luz: 200 m (delantera), modos de iluminaci\u00f3n: Alto, bajo e intermitente (delantera), luz roja fija y 6 diferentes destello de luz (trasera), duraci\u00f3n de carga de la bater\u00eda: 5 horas (alto), 24 horas (bajo) (delantera) \/ 45 horas (trasera), pilas AAA alcalinas, LED CREE alta luminosidad e intensidad(delantera), 9 LEDs (trasera)<\/p>\n","protected":false},"excerpt":{"rendered":"<p>Luminosidad: 100 lm (alto), 26 lm (bajo) (delantera)<br \/>\nDuraci\u00f3n de carga de la bater\u00eda: 5 horas (alto), 24 horas (bajo) (delantera) 45 h (trasera)<br \/>\nModos de iluminaci\u00f3n: Alto, bajo e intermitente (delantera) Luz roja fija y 6 diferentes destellos de luz (trasera)<br \/>\nPilas: 5 AAA alcalinas (incluidas)<br \/>\nGrado IP\tX4<\/p>\n","protected":false},"featured_media":3118,"comment_status":"open","ping_status":"closed","template":"","meta":{"_acf_changed":false},"product_brand":[],"product_cat":[223,225],"product_tag":[],"class_list":{"0":"post-2442","1":"product","2":"type-product","3":"status-publish","4":"has-post-thumbnail","6":"product_cat-iluminacion","7":"product_cat-linternas","9":"first","10":"instock","11":"shipping-taxable","12":"purchasable","13":"product-type-simple"},"acf":[],"_links":{"self":[{"href":"https:\/\/www.lusqtoff.com.ar\/truper\/wp-json\/wp\/v2\/product\/2442","targetHints":{"allow":["GET"]}}],"collection":[{"href":"https:\/\/www.lusqtoff.com.ar\/truper\/wp-json\/wp\/v2\/product"}],"about":[{"href":"https:\/\/www.lusqtoff.com.ar\/truper\/wp-json\/wp\/v2\/types\/product"}],"replies":[{"embeddable":true,"href":"https:\/\/www.lusqtoff.com.ar\/truper\/wp-json\/wp\/v2\/comments?post=2442"}],"wp:featuredmedia":[{"embeddable":true,"href":"https:\/\/www.lusqtoff.com.ar\/truper\/wp-json\/wp\/v2\/media\/3118"}],"wp:attachment":[{"href":"https:\/\/www.lusqtoff.com.ar\/truper\/wp-json\/wp\/v2\/media?parent=2442"}],"wp:term":[{"taxonomy":"product_brand","embeddable":true,"href":"https:\/\/www.lusqtoff.com.ar\/truper\/wp-json\/wp\/v2\/product_brand?post=2442"},{"taxonomy":"product_cat","embeddable":true,"href":"https:\/\/www.lusqtoff.com.ar\/truper\/wp-json\/wp\/v2\/product_cat?post=2442"},{"taxonomy":"product_tag","embeddable":true,"href":"https:\/\/www.lusqtoff.com.ar\/truper\/wp-json\/wp\/v2\/product_tag?post=2442"}],"curies":[{"name":"wp","href":"https:\/\/api.w.org\/{rel}","templated":true}]}}